{"id":26,"date":"2013-11-14T13:26:57","date_gmt":"2013-11-14T12:26:57","guid":{"rendered":"http:\/\/neuilly.fsju.org\/?page_id=26"},"modified":"2013-11-14T13:26:57","modified_gmt":"2013-11-14T12:26:57","slug":"partenaires","status":"publish","type":"page","link":"https:\/\/mcjnogent.org\/index.php\/partenaires\/","title":{"rendered":"Partenaires et M\u00e9c\u00e8nes"},"content":{"rendered":"<p><a href=\"http:\/\/nogent.rfecj.org\/wp-content\/uploads\/2013\/11\/logo-fondation-du-patrimoine.jpg\">\u00a0<\/a><br \/>\nNous remercions chaleureusement nos partenaires et nos m\u00e9c\u00e8nes :<br \/>\n&nbsp;<\/p>\n<table style=\"height: 649px;\" width=\"648\">\n<tbody>\n<tr>\n<td><\/td>\n<td><img loading=\"lazy\" decoding=\"async\" class=\"aligncenter wp-image-2760\" src=\"http:\/\/www.mcjnogent.org\/wp-content\/uploads\/2018\/11\/logo-acip.jpg\" alt=\"\" width=\"194\" height=\"82\" \/><\/td>\n<td><img loading=\"lazy\" decoding=\"async\" class=\"aligncenter wp-image-863\" src=\"http:\/\/nogent.rfecj.org\/wp-content\/uploads\/2013\/11\/logo-fondation-du-patrimoine.jpg\" alt=\"logo fondation du patrimoine\" width=\"129\" height=\"178\" \/><\/td>\n<td><\/td>\n<\/tr>\n<tr>\n<td><\/td>\n<td><img decoding=\"async\" src=\"https:\/\/akadem.org\/images\/logo.png\" alt=\"Akadem : Le campus num\u00e9rique juif\" \/><\/td>\n<td><img loading=\"lazy\" decoding=\"async\" class=\"aligncenter wp-image-866\" src=\"http:\/\/nogent.rfecj.org\/wp-content\/uploads\/2013\/11\/logo-IUEJ.jpg\" alt=\"logo IUEJ\" width=\"84\" height=\"121\" \/><\/td>\n<td><\/td>\n<\/tr>\n<tr>\n<td><\/td>\n<td><img loading=\"lazy\" decoding=\"async\" class=\"alignleft\" src=\"https:\/\/www.francegenerosites.org\/wp-content\/uploads\/2016\/04\/LOGO-FSJU-2018.jpg\" alt=\"LOGO-FSJU-2018 - France g\u00e9n\u00e9rosit\u00e9s\" width=\"504\" height=\"111\" \/><\/td>\n<td><img loading=\"lazy\" decoding=\"async\" class=\"aligncenter size-medium wp-image-3560\" src=\"https:\/\/www.mcjnogent.org\/wp-content\/uploads\/2021\/10\/LOGO-FM-300x300.png\" alt=\"\" width=\"300\" height=\"300\" srcset=\"https:\/\/mcjnogent.org\/wp-content\/uploads\/2021\/10\/LOGO-FM-300x300.png 300w, https:\/\/mcjnogent.org\/wp-content\/uploads\/2021\/10\/LOGO-FM-150x150.png 150w, https:\/\/mcjnogent.org\/wp-content\/uploads\/2021\/10\/LOGO-FM-768x768.png 768w, https:\/\/mcjnogent.org\/wp-content\/uploads\/2021\/10\/LOGO-FM-80x80.png 80w, https:\/\/mcjnogent.org\/wp-content\/uploads\/2021\/10\/LOGO-FM-320x320.png 320w, https:\/\/mcjnogent.org\/wp-content\/uploads\/2021\/10\/LOGO-FM.png 1000w\" sizes=\"auto, (max-width: 300px) 100vw, 300px\" \/><\/td>\n<td><\/td>\n<\/tr>\n<tr>\n<td><\/td>\n<td><\/td>\n<td><\/td>\n<td><\/td>\n<\/tr>\n<tr>\n<td><\/td>\n<td><img loading=\"lazy\" decoding=\"async\" class=\"aligncenter wp-image-2761\" src=\"http:\/\/www.mcjnogent.org\/wp-content\/uploads\/2018\/11\/LOGO-OSE1-300x229.jpg\" alt=\"\" width=\"171\" height=\"130\" srcset=\"https:\/\/mcjnogent.org\/wp-content\/uploads\/2018\/11\/LOGO-OSE1-300x229.jpg 300w, https:\/\/mcjnogent.org\/wp-content\/uploads\/2018\/11\/LOGO-OSE1-1024x783.jpg 1024w, https:\/\/mcjnogent.org\/wp-content\/uploads\/2018\/11\/LOGO-OSE1-768x587.jpg 768w, https:\/\/mcjnogent.org\/wp-content\/uploads\/2018\/11\/LOGO-OSE1.jpg 1339w\" sizes=\"auto, (max-width: 171px) 100vw, 171px\" \/><\/td>\n<td><img loading=\"lazy\" decoding=\"async\" class=\"aligncenter size-medium wp-image-3559\" src=\"https:\/\/www.mcjnogent.org\/wp-content\/uploads\/2021\/10\/Logo-CCJ94-au-18-03-18-1-300x275.png\" alt=\"\" width=\"300\" height=\"275\" srcset=\"https:\/\/mcjnogent.org\/wp-content\/uploads\/2021\/10\/Logo-CCJ94-au-18-03-18-1-300x275.png 300w, https:\/\/mcjnogent.org\/wp-content\/uploads\/2021\/10\/Logo-CCJ94-au-18-03-18-1.png 655w\" sizes=\"auto, (max-width: 300px) 100vw, 300px\" \/><\/td>\n<td><\/td>\n<\/tr>\n<\/tbody>\n<\/table>\n<p>&nbsp;<br \/>\n&nbsp;<br \/>\n&nbsp;<br \/>\n&nbsp;<br \/>\n&nbsp;<br \/>\n&nbsp;<br \/>\n&nbsp;<\/p>\n","protected":false},"excerpt":{"rendered":"<p>\u00a0 Nous remercions chaleureusement nos partenaires et nos m\u00e9c\u00e8nes : &nbsp; &nbsp; &nbsp; &nbsp; &nbsp; &nbsp; &nbsp; &nbsp;<\/p>\n","protected":false},"author":2,"featured_media":0,"parent":0,"menu_order":0,"comment_status":"closed","ping_status":"closed","template":"","meta":{"_EventAllDay":false,"_EventTimezone":"","_EventStartDate":"","_EventEndDate":"","_EventStartDateUTC":"","_EventEndDateUTC":"","_EventShowMap":false,"_EventShowMapLink":false,"_EventURL":"","_EventCost":"","_EventCostDescription":"","_EventCurrencySymbol":"","_EventCurrencyCode":"","_EventCurrencyPosition":"","_EventDateTimeSeparator":"","_EventTimeRangeSeparator":"","_EventOrganizerID":[],"_EventVenueID":0,"_OrganizerEmail":"","_OrganizerPhone":"","_OrganizerWebsite":"","_VenueAddress":"","_VenueCity":"","_VenueCountry":"","_VenueProvince":"","_VenueZip":"","_VenuePhone":"","_VenueURL":"","_VenueStateProvince":"","_VenueLat":"","_VenueLng":"","footnotes":""},"class_list":["post-26","page","type-page","status-publish","hentry"],"_links":{"self":[{"href":"https:\/\/mcjnogent.org\/index.php\/wp-json\/wp\/v2\/pages\/26","targetHints":{"allow":["GET"]}}],"collection":[{"href":"https:\/\/mcjnogent.org\/index.php\/wp-json\/wp\/v2\/pages"}],"about":[{"href":"https:\/\/mcjnogent.org\/index.php\/wp-json\/wp\/v2\/types\/page"}],"author":[{"embeddable":true,"href":"https:\/\/mcjnogent.org\/index.php\/wp-json\/wp\/v2\/users\/2"}],"replies":[{"embeddable":true,"href":"https:\/\/mcjnogent.org\/index.php\/wp-json\/wp\/v2\/comments?post=26"}],"version-history":[{"count":0,"href":"https:\/\/mcjnogent.org\/index.php\/wp-json\/wp\/v2\/pages\/26\/revisions"}],"wp:attachment":[{"href":"https:\/\/mcjnogent.org\/index.php\/wp-json\/wp\/v2\/media?parent=26"}],"curies":[{"name":"wp","href":"https:\/\/api.w.org\/{rel}","templated":true}]}}